2?
102210
In base 9, what is -21 + -1152?
-1173
In base 5, what is 133 + 10331?
11014
In base 4, what is 1003 - -102311213?
102312222
In base 15, what is -763e - a8?
-76e7
In base 6, what is 14 - -251101?
251115
In base 5, what is -404 - 424?
-1333
In base 15, what is 5 - -1425b?
14261
In base 16, what is -14079 - -18?
-14061
In base 10, what is -574 + -14?
-588
In base 11, what is 174494 - -3?
174497
In base 13, what is 546a3 + 4?
546a7
In base 10, what is 1383606 - 4?
1383602
In base 7, what is 12420 - -1250?
14000
In base 16, what is 30f - -10?
31f
In base 14, what is 6cd + 213?
902
In base 10, what is 54 + -1669?
-1615
In base 8, what is 14247 - 5?
14242
In base 11, what is -3a261 - 1?
-3a262
In base 12, what is 362 - -9b?
441
In base 3, what is -10122020221221 + -1?
-10122020221222
In base 16, what is 83e8d - -1?
83e8e
In base 8, what is -251075 - -5?
-251070
In base 12, what is 823 - -51?
874
In base 2, what is 1111001 + -10111000001?
-10101001000
In base 5, what is 24444 - 0?
24444
In base 2, what is 1101 - 110111100101111?
-110111100100010
In base 3, what is 102122 - 12120222?
-12011100
In base 16, what is 16b2 - 0?
16b2
In base 7, what is -164454 - 0?
-164454
In base 8, what is -4 - -124712?
124706
In base 16, what is 2b + 121?
14c
In base 3, what is -20100 - -21201?
1101
In base 10, what is -2 + 248963?
248961
In base 6, what is -23 + -314?
-341
In base 7, what is -10026164 + 2?
-10026162
In base 2, what is 1110110111111111100 - 1?
1110110111111111011
In base 4, what is 3101 - 21112?
-12011
In base 7, what is 11562 + 5?
11600
In base 6, what is 3313 - 43?
3230
In base 8, what is 33722 + -152?
33550
In base 15, what is -3 + -1e80d?
-1e811
In base 15, what is -2 + 11962e?
11962c
In base 14, what is -2 - -2264?
2262
In base 13, what is 246 - -68?
2b1
In base 13, what is ab + 7?
b5
In base 7, what is -1124543 + 3?
-1124540
In base 8, what is -475140 - 1?
-475141
In base 14, what is 1a7128 - -5?
1a712d
In base 16, what is 2bde - -3?
2be1
In base 8, what is -6 - -117272?
117264
In base 7, what is 1120243 - 5?
1120235
In base 4, what is 1000223 + 312?
1001201
In base 13, what is -5 + 591a2?
5919a
In base 13, what is -7 - 15bb?
-15c5
In base 14, what is -3 - 446b?
-4470
In base 3, what is -1010 + 10222002?
10220222
In base 16, what is 32a1b - -2?
32a1d
In base 2, what is 1110010011010001011 - -10?
1110010011010001101
In base 4, what is -12323 - -112032?
33103
In base 12, what is -163 - -1a?
-145
In base 9, what is -220 - 30526?
-30746
In base 14, what is 1158 - a?
114c
In base 9, what is -5 + -8071?
-8076
In base 2, what is 11011000111101000 + 11?
11011000111101011
In base 16, what is -14de - 4?
-14e2
In base 14, what is 2 + -59718?
-59716
In base 11, what is -30091 + 5?
-30087
In base 8, what is -20734 + 43?
-20671
In base 8, what is -2 - 6631?
-6633
In base 5, what is 3113 - 130?
2433
In base 9, what is 21146 + -68?
21067
In base 8, what is 2 + 31136?
31140
In base 15, what is -6 + 1021a?
10214
In base 4, what is 12102 - 13123?
-1021
In base 7, what is -313363 + 3?
-313360
In base 3, what is 10122 - -120101210?
120112102
In base 10, what is 23 + 6413?
6436
In base 6, what is -25 - -215023?
214554
In base 8, what is 56362 + 5?
56367
In base 13, what is -253c9 - -9?
-253c0
In base 2, what is 0 + 10100111110?
10100111110
In base 16, what is 1eea - -1f?
1f09
In base 2, what is 1110001 - 11011100?
-1101011
In base 13, what is -3ab - -71?
-33a
In base 16, what is -2 + 283?
281
In base 3, what is -210211101201 + 12?
-210211101112
In base 11, what is -19300 + -3?
-19303
In base 8, what is 1505 + 41?
1546
In base 4, what is 332 + -12003?
-11011
In base 16, what is 48 - -f5?
13d
In base 14, what is 735 + -7c?
697
In base 7, what is -4 + 2646323?
2646316
In base 5, what is 10 + -24404232?
-24404222
In base 6, what is -353332255 + 3?
-353332252
In base 4, what is -103 + -1113233?
-1120002
In base 3, what is -110222211021 + -2?
-110222211100
In base 12, what is -80b6 + 15?
-80a1
In base 12, what is 2b8 + ab1?
11a9
In base 15, what is -8b69 - -48?
-8b21
In base 7, what is 6642 + 31?
10003
In base 15, what is 1 + -1403?
-1402
In base 13, what is a822 - -3c?
a861
In base 9, what is -148 + -703?
-852
In base 5, what is 1003412022 - -10?
1003412032
In base 16, what is -15e4ac - 3?
-15e4af
In base 16, what is 1e1 - a?
1d7
In base 14, what is 6341 + -4?
633b
In base 2, what is -10011101001100110 - 1001?
-10011101001101111
In base 6, what is -2243 + -23?
-2310
In base 13, what is -1047 + -35?
-107c
In base 8, what is -12 - -2476?
2464
In base 10, what is 839 - 77?
762
In base 4, what is -12032 - -211?
-11221
In base 10, what is 9 - -3972?
3981
In base 12, what is -2a6 - 1429?
-1713
In base 4, what is 111102 + -20?
111022
In base 4, what is -2323 + 130223?
121300
In base 13, what is -7 - -a33c?
a335
In base 9, what is -41270 + 1?
-41268
In base 12, what is 2272 - -10?
2282
In base 14, what is 65 - -c7?
14c
In base 5, what is -10 - 443431?
-443441
In base 3, what is 2111212110110 - -2?
2111212110112
In base 16, what is -49 + 7aa?
761
In base 2, what is -100100 - 1101100001?
-1110000101
In base 16, what is 12 - -8421?
8433
In base 13, what is 2a471 - -7?
2a478
In base 10, what is 4068 + -1?
4067
In base 2, what is 1 - 10010110100101000?
-10010110100100111
In base 7, what is -12125 + 22?
-12103
In base 15, what is 370111 + -5?
37010b
In base 9, what is 5 + 13861?
13866
In base 12, what is 1 + 87296?
87297
In base 8, what is 1342 - -61?
1423
In base 3, what is -1102022100 + 1?
-1102022022
In base 2, what is 111111100101 + -1011?
111111011010
In base 16, what is 810 - -43?
853
In base 9, what is 7 + 125246?
125254
In base 3, what is -111101012 + 200222?
-110200020
In base 6, what is -10055 + 1?
-10054
In base 9, what is -157 - -88?
-58
In base 5, what is -30020444 + -1?
-30021000
In base 10, what is 252766 + 16?
252782
In base 6, what is 140 - 14411?
-14231
In base 12, what is 325a + -3?
3257
In base 16, what is 3 - 76674?
-76671
In base 6, what is -23 + -4205?
-4232
In base 13, what is -3 + 1149?
1146
In base 6, what is -35300 - -204?
-35052
In base 8, what is -505 - 37?
-544
In base 2, what is -1000100010100111010111 + -10?
-1000100010100111011001
In base 7, what is -244114564 - -3?
-244114561
In base 8, what is 34 + 1350?
1404
In base 13, what is 4 - -3a9047?
3a904b
In base 11, what is 64a - 9?
641
In base 14, what is -326137 + 1?
-326136
In base 7, what is 14544 - 20?
14524
In base 16, what is -5 - -e89c?
e897
In base 13, what is 104 - -12?
116
In base 5, what is -4001 - 2032?
-11033
In base 16, what is 0 + e22f0?
e22f0
In base 4, what is 10 - 12003231?
-12003221
In base 15, what is 10 + 3b71?
3b81
In base 7, what is -616344 + 3?
-616341
In base 4, what is -11200 + 113301?
102101
In base 6, what is -114003 + 1?
-114002
In base 2, what is -110011001100010110 + -101?
-110011001100011011
In base 11, what is -3 + 471450?
471448
In base 16, what is 914 - 161?
7b3
In base 14, what is -a + 1b13a?
1b130
In base 5, what is 23 + 12321420?
12321443
In base 13, what is -894 - 4c?
-913
In base 13, what is 5 - -2309?
2311
In base 12, what is 2 + 5208?
520a
In base 6, what is 25 + 3230?
3255
In base 16, what is -2b5a + 4?
-2b56
In base 11, what is -2245 + -2699?
-4933
In base 5, what is 122 - -1013?
1140
In base 6, what is -2430 - -545?
-1441
In base 12, what is -80 + -9663?
-9723
In base 9, what is 2308 + 10?
2318
In base 4, what is 3 + -323123?
-323120
In base 16, what is 3cac3 - 5?
3cabe
In base 14, what is -8 - 19?
-23
In base 2, what is -10011011 - 100000001?
-110011100
In base 11, what is 5092 - -3?
5095
In base 10, what is -2 + 480940?
480938
In base 8, what is 410400 - -10?
410410
In base 2, what is -10101 + -100100010010001?
-100100010100110
In base 14, what is 41 - -76?
b7
In base 7, what is -2 - 140061?
-140063
In base 6, what is -1230 - 252?
-1522
In base 2, what is -100101000 + -11101000?
-1000010000
In base 15, what is 2a6 - -12eb?
15a2
In base 13, what is -603 + -8c?
-692
In base 13, what is 825c3a + -1?
825c39
In base 15, what is 2 - -5b?
5d
In base 3, what is -212 + 112220?
112001
In base 2, what is 11 + -1001110001111011?
-1001110001111000
In base 6, what is -23 - -422340?
422313
In base 15, what is -41358 + 5?
-41353
In base 10, what is -7 + 4468?
4461
